he prime factors of 33467?
7, 683
What are the prime factors of 9708?
2, 3, 809
List the prime factors of 65158.
2, 32579
What are the prime factors of 1007?
19, 53
List the prime factors of 6458.
2, 3229
List the prime factors of 111179.
73, 1523
List the prime factors of 39904.
2, 29, 43
List the prime factors of 1347.
3, 449
What are the prime factors of 771?
3, 257
What are the prime factors of 71459?
19, 3761
What are the prime factors of 96619?
53, 1823
What are the prime factors of 37757?
17, 2221
List the prime factors of 6002.
2, 3001
List the prime factors of 17776.
2, 11, 101
List the prime factors of 24864.
2, 3, 7, 37
What are the prime factors of 717?
3, 239
What are the prime factors of 1243?
11, 113
What are the prime factors of 35127?
3, 1301
What are the prime factors of 8152?
2, 1019
What are the prime factors of 795?
3, 5, 53
What are the prime factors of 6367?
6367
What are the prime factors of 66911?
13, 5147
What are the prime factors of 110008?
2, 13751
List the prime factors of 1284.
2, 3, 107
List the prime factors of 3077.
17, 181
List the prime factors of 589.
19, 31
List the prime factors of 1855.
5, 7, 53
List the prime factors of 167281.
409
List the prime factors of 1314.
2, 3, 73
What are the prime factors of 1166?
2, 11, 53
List the prime factors of 11807.
11807
What are the prime factors of 33535?
5, 19, 353
What are the prime factors of 7466?
2, 3733
List the prime factors of 39568.
2, 2473
What are the prime factors of 1987?
1987
List the prime factors of 1499.
1499
List the prime factors of 4528.
2, 283
What are the prime factors of 6301?
6301
List the prime factors of 57552.
2, 3, 11, 109
What are the prime factors of 82933?
239, 347
List the prime factors of 8278.
2, 4139
What are the prime factors of 4701?
3, 1567
List the prime factors of 83629.
7, 13, 919
What are the prime factors of 4855?
5, 971
What are the prime factors of 1110?
2, 3, 5, 37
List the prime factors of 33051.
3, 23, 479
List the prime factors of 1815.
3, 5, 11
What are the prime factors of 2091?
3, 17, 41
List the prime factors of 13902.
2, 3, 7, 331
List the prime factors of 4002.
2, 3, 23, 29
List the prime factors of 45339.
3, 7, 17, 127
What are the prime factors of 26358?
2, 3, 23, 191
What are the prime factors of 2419?
41, 59
List the prime factors of 1856.
2, 29
List the prime factors of 288.
2, 3
What are the prime factors of 8234?
2, 23, 179
List the prime factors of 658.
2, 7, 47
What are the prime factors of 649?
11, 59
What are the prime factors of 81184?
2, 43, 59
List the prime factors of 3744.
2, 3, 13
List the prime factors of 9894.
2, 3, 17, 97
What are the prime factors of 922?
2, 461
List the prime factors of 2504.
2, 313
List the prime factors of 5595.
3, 5, 373
List the prime factors of 39249.
3, 7, 89
What are the prime factors of 35386?
2, 13, 1361
What are the prime factors of 760?
2, 5, 19
List the prime factors of 2915.
5, 11, 53
What are the prime factors of 7951?
7951
What are the prime factors of 795?
3, 5, 53
List the prime factors of 41085.
3, 5, 11, 83
List the prime factors of 34114.
2, 37, 461
List the prime factors of 1644.
2, 3, 137
List the prime factors of 326.
2, 163
What are the prime factors of 23445?
3, 5, 521
What are the prime factors of 9666?
2, 3, 179
What are the prime factors of 90691?
89, 1019
List the prime factors of 547.
547
List the prime factors of 3067.
3067
What are the prime factors of 733?
733
What are the prime factors of 1984?
2, 31
What are the prime factors of 501?
3, 167
What are the prime factors of 562?
2, 281
List the prime factors of 8638.
2, 7, 617
List the prime factors of 122830.
2, 5, 71, 173
What are the prime factors of 75762?
2, 3, 23, 61
List the prime factors of 1848.
2, 3, 7, 11
What are the prime factors of 251?
251
What are the prime factors of 4164?
2, 3, 347
What are the prime factors of 2047?
23, 89
What are the prime factors of 53?
53
What are the prime factors of 5796?
2, 3, 7, 23
What are the prime factors of 7130?
2, 5, 23, 31
What are the prime factors of 2858?
2, 1429
What are the prime factors of 2894?
2, 1447
List the prime factors of 2609.
2609
What are the prime factors of 52185?
3, 5, 7, 71
List the prime factors of 54696.
2, 3, 43, 53
What are the prime factors of 12056?
2, 11, 137
What are the prime factors of 17449?
17449
What are the prime factors of 10412?
2, 19, 137
List the prime factors of 131631.
3, 17, 29, 89
What are the prime factors of 1746?
2, 3, 97
What are the prime factors of 9751?
7, 199
List the prime factors of 16077.
3, 23, 233
List the prime factors of 52049.
23, 31, 73
List the prime factors of 2375.
5, 19
What are the prime factors of 79442?
2, 11, 23, 157
List the prime factors of 10507.
7, 19, 79
What are the prime factors of 4134?
2, 3, 13, 53
What are the prime factors of 6994?
2, 13, 269
What are the prime factors of 12594?
2, 3, 2099
List the prime factors of 1471.
1471
What are the prime factors of 15188?
2, 3797
What are the prime factors of 3744?
2, 3, 13
What are the prime factors of 4893?
3, 7, 233
List the prime factors of 240.
2, 3, 5
List the prime factors of 33177.
3, 11059
List the prime factors of 7904.
2, 13, 19
What are the prime factors of 8752?
2, 547
What are the prime factors of 15083?
15083
What are the prime factors of 81295?
5, 71, 229
What are the prime factors of 36593?
23, 37, 43
List the prime factors of 12373.
12373
List the prime factors of 8182.
2, 4091
What are the prime factors of 138650?
2, 5, 47, 59
What are the prime factors of 55383?
3, 18461
What are the prime factors of 30456?
2, 3, 47
List the prime factors of 21164.
2, 11, 13, 37
List the prime factors of 664.
2, 83
List the prime factors of 630.
2, 3, 5, 7
List the prime factors of 7265.
5, 1453
What are the prime factors of 8525?
5, 11, 31
List the prime factors of 3075.
3, 5, 41
What are the prime factors of 1799?
7, 257
What are the prime factors of 1111?
11, 101
List the prime factors of 233.
233
What are the prime factors of 1188?
2, 3, 11
What are the prime factors of 1747?
1747
List the prime factors of 31641.
3, 53, 199
List the prime factors of 13096.
2, 1637
What are the prime factors of 7149?
3, 2383
List the prime factors of 3703.
7, 23
List the prime factors of 1018.
2, 509
What are the prime factors of 6238?
2, 3119
What are the prime factors of 1284?
2, 3, 107
List the prime factors of 243.
3
List the prime factors of 164.
2, 41
List the prime factors of 1241.
17, 73
List the prime factors of 50979.
3, 16993
What are the prime factors of 6932?
2, 1733
What are the prime factors of 2760?
2, 3, 5, 23
List the prime factors of 9865.
5, 1973
List the prime factors of 125404.
2, 107, 293
List the prime factors of 114074.
2, 57037
List the prime factors of 10085.
5, 2017
What are the prime factors of 122090?
2, 5, 29, 421
List the prime factors of 225.
3, 5
What are the prime factors of 4050?
2, 3, 5
What are the prime factors of 64431?
3, 7159
What are the prime factors of 1006?
2, 503
List the prime factors of 1452.
2, 3, 11
What are the prime factors of 79091?
139, 569
List the prime factors of 4701.
3, 1567
What are the prime factors of 91?
7, 13
List the prime factors of 62821.
11, 5711
List the prime factors of 131077.
23, 41, 139
List the prime factors of 378.
2, 3, 7
List the prime factors of 7187.
7187
What are the prime factors of 688?
2, 43
List the prime factors of 102769.
102769
What are the prime factors of 1120?
2, 5, 7
What are the prime factors of 12333?
3, 4111
What are the prime factors of 1716?
2, 3, 11, 13
What are the prime factors of 16761?
3, 37, 151
List the prime factors of 32573.
32573
List the prime factors of 64348.
2, 16087
What are the prime factors of 2745?
3, 5, 61
List the prime factors of 4226.
2, 2113
List the prime factors of 49035.
3, 5, 7, 467
List the prime factors of 32009.
32009
What are the prime factors of 2186?
2, 1093
What are the prime factors of 4101?
3, 1367
List the prime factors of 88313.
47, 1879
List the prime factors of 70724.
2, 17681
What are the prime factors of 1050?
2, 3, 5, 7
What are the prime factors of 8757?
3, 7, 139
What are the prime factors of 2751?
3, 7, 131
List the prime factors of 6023.
19, 317
What are the prime factors of 7194?
2, 3, 11, 1